{"id":129,"date":"2017-11-23T22:38:18","date_gmt":"2017-11-23T21:38:18","guid":{"rendered":"http:\/\/beregsurany.hu\/?page_id=129"},"modified":"2024-09-18T09:49:30","modified_gmt":"2024-09-18T07:49:30","slug":"telepuleskepi-arculati-kezikonyv-2017","status":"publish","type":"page","link":"https:\/\/beregsurany.hu\/?page_id=129","title":{"rendered":"TELEP\u00dcL\u00c9SK\u00c9PI ARCULATI K\u00c9ZIK\u00d6NYV"},"content":{"rendered":"<table class=\" aligncenter\">\n<tbody>\n<tr>\n<td><img loading=\"lazy\" decoding=\"async\" class=\"alignnone size-large wp-image-135\" src=\"https:\/\/beregsurany.hu\/wp-content\/uploads\/2017\/11\/Beregsurany_TAK_-1-1024x551.jpg\" alt=\"\" width=\"847\" height=\"456\" srcset=\"https:\/\/beregsurany.hu\/wp-content\/uploads\/2017\/11\/Beregsurany_TAK_-1-1024x551.jpg 1024w, https:\/\/beregsurany.hu\/wp-content\/uploads\/2017\/11\/Beregsurany_TAK_-1-300x162.jpg 300w, https:\/\/beregsurany.hu\/wp-content\/uploads\/2017\/11\/Beregsurany_TAK_-1-768x414.jpg 768w, https:\/\/beregsurany.hu\/wp-content\/uploads\/2017\/11\/Beregsurany_TAK_-1.jpg 1038w\" sizes=\"auto, (max-width: 847px) 100vw, 847px\" \/><\/td>\n<\/tr>\n<tr>\n<td style=\"text-align: right;\"><span style=\"font-size: 36pt; font-family: 'arial black', sans-serif;\"><strong><span style=\"color: #99cc00;\">BEREGSUR\u00c1NY<\/span><\/strong><\/span><br style=\"text-align: right;\" \/><span style=\"text-align: right;\">TELEP\u00dcL\u00c9SK\u00c9PI ARCULATI K\u00c9ZIK\u00d6NYV<\/span><br style=\"text-align: right;\" \/><span style=\"text-align: right;\">2017. \u00e9s 2024-es m\u00f3dos\u00edt\u00e1sa<\/span><\/td>\n<\/tr>\n<tr>\n<td style=\"text-align: right;\">\u00a0<\/td>\n<\/tr>\n<tr>\n<td style=\"text-align: right;\">\n<p style=\"text-align: center;\"><a href=\"https:\/\/beregsurany.hu\/wp-content\/uploads\/2024\/09\/TRT-modositas-2024.pdf\" target=\"_blank\" rel=\"noopener\"><span style=\"font-size: 14pt; font-family: 'arial black', sans-serif;\"><span style=\"color: #99cc00;\"><span style=\"font-family: impact, sans-serif;\"><span style=\"font-family: arial, helvetica, sans-serif; color: #3366ff;\">TELEP\u00dcL\u00c9SK\u00c9PI ARCULATI K\u00c9ZIK\u00d6NYV 2024-ES M\u00d3DOS\u00cdT\u00c1SA <strong>LET\u00d6LT\u00c9S ITT!<\/strong><\/span><\/span><\/span><\/span><\/a><\/p>\n<p style=\"text-align: center;\"><a href=\"https:\/\/beregsurany.hu\/wp-content\/uploads\/2017\/11\/Beregsurany_TAK_.pdf\" target=\"_blank\" rel=\"noopener\"><span style=\"font-size: 14pt; font-family: 'arial black', sans-serif;\"><span style=\"color: #99cc00;\"><span style=\"font-family: impact, sans-serif;\"><span style=\"font-family: arial, helvetica, sans-serif; color: #3366ff;\">TELEP\u00dcL\u00c9SK\u00c9PI ARCULATI K\u00c9ZIK\u00d6NYV 2017 <strong>LET\u00d6LT\u00c9S ITT!<\/strong><\/span><\/span><\/span><\/span><\/a><\/p>\n<\/td>\n<\/tr>\n<\/tbody>\n<\/table>\n<p style=\"text-align: right;\">\u00a0<\/p>\n\n","protected":false},"excerpt":{"rendered":"<p>BEREGSUR\u00c1NYTELEP\u00dcL\u00c9SK\u00c9PI ARCULATI K\u00c9ZIK\u00d6NYV2017. \u00e9s 2024-es m\u00f3dos\u00edt\u00e1sa \u00a0 TELEP\u00dcL\u00c9SK\u00c9PI ARCULATI K\u00c9ZIK\u00d6NYV 2024-ES M\u00d3DOS\u00cdT\u00c1SA LET\u00d6LT\u00c9S ITT! TELEP\u00dcL\u00c9SK\u00c9PI ARCULATI K\u00c9ZIK\u00d6NYV 2017 LET\u00d6LT\u00c9S ITT! \u00a0<\/p>\n","protected":false},"author":1,"featured_media":0,"parent":0,"menu_order":0,"comment_status":"closed","ping_status":"closed","template":"","meta":{"footnotes":""},"class_list":["post-129","page","type-page","status-publish","hentry","nodate","item-wrap"],"_links":{"self":[{"href":"https:\/\/beregsurany.hu\/index.php?rest_route=\/wp\/v2\/pages\/129","targetHints":{"allow":["GET"]}}],"collection":[{"href":"https:\/\/beregsurany.hu\/index.php?rest_route=\/wp\/v2\/pages"}],"about":[{"href":"https:\/\/beregsurany.hu\/index.php?rest_route=\/wp\/v2\/types\/page"}],"author":[{"embeddable":true,"href":"https:\/\/beregsurany.hu\/index.php?rest_route=\/wp\/v2\/users\/1"}],"replies":[{"embeddable":true,"href":"https:\/\/beregsurany.hu\/index.php?rest_route=%2Fwp%2Fv2%2Fcomments&post=129"}],"version-history":[{"count":6,"href":"https:\/\/beregsurany.hu\/index.php?rest_route=\/wp\/v2\/pages\/129\/revisions"}],"predecessor-version":[{"id":633,"href":"https:\/\/beregsurany.hu\/index.php?rest_route=\/wp\/v2\/pages\/129\/revisions\/633"}],"wp:attachment":[{"href":"https:\/\/beregsurany.hu\/index.php?rest_route=%2Fwp%2Fv2%2Fmedia&parent=129"}],"curies":[{"name":"wp","href":"https:\/\/api.w.org\/{rel}","templated":true}]}}