{"id":373,"date":"2020-11-11T21:25:03","date_gmt":"2020-11-11T20:25:03","guid":{"rendered":"http:\/\/beregsurany.hu\/?page_id=373"},"modified":"2020-12-01T23:11:18","modified_gmt":"2020-12-01T22:11:18","slug":"palyazati-felhivas","status":"publish","type":"page","link":"https:\/\/beregsurany.hu\/?page_id=373","title":{"rendered":"P\u00c1LY\u00c1ZATI FELH\u00cdV\u00c1S"},"content":{"rendered":"\n<p>Beregsur\u00e1ny K\u00f6zs\u00e9g \u00d6nkorm\u00e1nyzata tulajdon\u00e1t k\u00e9pez\u0151 traktor p\u00e1ly\u00e1zati elj\u00e1r\u00e1s \u00fatj\u00e1n t\u00f6rt\u00e9n\u0151 \u00e9rt\u00e9kes\u00edt\u00e9se.<\/p>\n<p><a href=\"https:\/\/beregsurany.hu\/wp-content\/uploads\/2020\/12\/Palyazati-felhivas-onkormanyzati-tulajdonu-traktor-ertekesitesere-20201130.pdf\" target=\"_blank\" rel=\"noopener noreferrer\">Eredeti p\u00e1ly\u00e1zati felh\u00edv\u00e1s let\u00f6lt\u00e9se.<\/a><\/p>\n<ul>\n<li>T\u00edpus: MTZ 550E<\/li>\n<li>Gy\u00e1rt\u00e1si \u00e9v: 1995<\/li>\n<li>Teljes\u00edtm\u00e9ny: 37 kW<\/li>\n<li>M\u0171szaki \u00e9rv\u00e9nyess\u00e9ge: 2020.11.12.<\/li>\n<\/ul>\n<p>Legalacsonyabb \u00e1r: brutt\u00f3 1.200.000,- Ft<\/p>\n","protected":false},"excerpt":{"rendered":"<p>Beregsur\u00e1ny K\u00f6zs\u00e9g \u00d6nkorm\u00e1nyzata tulajdon\u00e1t k\u00e9pez\u0151 traktor p\u00e1ly\u00e1zati elj\u00e1r\u00e1s \u00fatj\u00e1n t\u00f6rt\u00e9n\u0151 \u00e9rt\u00e9kes\u00edt\u00e9se. Eredeti p\u00e1ly\u00e1zati felh\u00edv\u00e1s let\u00f6lt\u00e9se. T\u00edpus: MTZ 550E Gy\u00e1rt\u00e1si \u00e9v: 1995 Teljes\u00edtm\u00e9ny: 37 kW M\u0171szaki \u00e9rv\u00e9nyess\u00e9ge: 2020.11.12. Legalacsonyabb \u00e1r: brutt\u00f3 1.200.000,- Ft<\/p>\n","protected":false},"author":1,"featured_media":0,"parent":0,"menu_order":0,"comment_status":"closed","ping_status":"closed","template":"","meta":{"footnotes":""},"class_list":["post-373","page","type-page","status-publish","hentry","nodate","item-wrap"],"_links":{"self":[{"href":"https:\/\/beregsurany.hu\/index.php?rest_route=\/wp\/v2\/pages\/373","targetHints":{"allow":["GET"]}}],"collection":[{"href":"https:\/\/beregsurany.hu\/index.php?rest_route=\/wp\/v2\/pages"}],"about":[{"href":"https:\/\/beregsurany.hu\/index.php?rest_route=\/wp\/v2\/types\/page"}],"author":[{"embeddable":true,"href":"https:\/\/beregsurany.hu\/index.php?rest_route=\/wp\/v2\/users\/1"}],"replies":[{"embeddable":true,"href":"https:\/\/beregsurany.hu\/index.php?rest_route=%2Fwp%2Fv2%2Fcomments&post=373"}],"version-history":[{"count":3,"href":"https:\/\/beregsurany.hu\/index.php?rest_route=\/wp\/v2\/pages\/373\/revisions"}],"predecessor-version":[{"id":391,"href":"https:\/\/beregsurany.hu\/index.php?rest_route=\/wp\/v2\/pages\/373\/revisions\/391"}],"wp:attachment":[{"href":"https:\/\/beregsurany.hu\/index.php?rest_route=%2Fwp%2Fv2%2Fmedia&parent=373"}],"curies":[{"name":"wp","href":"https:\/\/api.w.org\/{rel}","templated":true}]}}