{"id":412,"date":"2021-07-14T00:18:26","date_gmt":"2021-07-13T22:18:26","guid":{"rendered":"http:\/\/beregsurany.hu\/?page_id=412"},"modified":"2021-07-14T00:18:26","modified_gmt":"2021-07-13T22:18:26","slug":"ovodai-jatszoudvar-es-kozteruleti-jatszoter-fejlesztese","status":"publish","type":"page","link":"https:\/\/beregsurany.hu\/?page_id=412","title":{"rendered":"\u00d3vodai j\u00e1tsz\u00f3udvar \u00e9s k\u00f6zter\u00fcleti j\u00e1tsz\u00f3t\u00e9r fejleszt\u00e9se"},"content":{"rendered":"\n<p><a href=\"https:\/\/beregsurany.hu\/wp-content\/uploads\/2021\/07\/mfp-ojkjf2021.png\"><img loading=\"lazy\" decoding=\"async\" class=\"aligncenter size-full wp-image-406\" src=\"https:\/\/beregsurany.hu\/wp-content\/uploads\/2021\/07\/mfp-ojkjf2021.png\" alt=\"\" width=\"635\" height=\"665\" srcset=\"https:\/\/beregsurany.hu\/wp-content\/uploads\/2021\/07\/mfp-ojkjf2021.png 635w, https:\/\/beregsurany.hu\/wp-content\/uploads\/2021\/07\/mfp-ojkjf2021-286x300.png 286w\" sizes=\"auto, (max-width: 635px) 100vw, 635px\" \/><\/a><\/p>\n","protected":false},"excerpt":{"rendered":"","protected":false},"author":1,"featured_media":0,"parent":324,"menu_order":0,"comment_status":"closed","ping_status":"closed","template":"","meta":{"footnotes":""},"class_list":["post-412","page","type-page","status-publish","hentry","nodate","item-wrap"],"_links":{"self":[{"href":"https:\/\/beregsurany.hu\/index.php?rest_route=\/wp\/v2\/pages\/412","targetHints":{"allow":["GET"]}}],"collection":[{"href":"https:\/\/beregsurany.hu\/index.php?rest_route=\/wp\/v2\/pages"}],"about":[{"href":"https:\/\/beregsurany.hu\/index.php?rest_route=\/wp\/v2\/types\/page"}],"author":[{"embeddable":true,"href":"https:\/\/beregsurany.hu\/index.php?rest_route=\/wp\/v2\/users\/1"}],"replies":[{"embeddable":true,"href":"https:\/\/beregsurany.hu\/index.php?rest_route=%2Fwp%2Fv2%2Fcomments&post=412"}],"version-history":[{"count":1,"href":"https:\/\/beregsurany.hu\/index.php?rest_route=\/wp\/v2\/pages\/412\/revisions"}],"predecessor-version":[{"id":413,"href":"https:\/\/beregsurany.hu\/index.php?rest_route=\/wp\/v2\/pages\/412\/revisions\/413"}],"up":[{"embeddable":true,"href":"https:\/\/beregsurany.hu\/index.php?rest_route=\/wp\/v2\/pages\/324"}],"wp:attachment":[{"href":"https:\/\/beregsurany.hu\/index.php?rest_route=%2Fwp%2Fv2%2Fmedia&parent=412"}],"curies":[{"name":"wp","href":"https:\/\/api.w.org\/{rel}","templated":true}]}}